[INFO] cloning repository https://github.com/cm-wada-yusuke/yukicoder-rust
[INFO] running `Command { std: "git" "-c" "credential.helper=" "-c" "credential.helper=/workspace/cargo-home/bin/git-credential-null" "clone" "--bare" "https://github.com/cm-wada-yusuke/yukicoder-rust" "/workspace/cache/git-repos/https%3A%2F%2Fgithub.com%2Fcm-wada-yusuke%2Fyukicoder-rust", kill_on_drop: false }`
[INFO] [stderr] Cloning into bare repository '/workspace/cache/git-repos/https%3A%2F%2Fgithub.com%2Fcm-wada-yusuke%2Fyukicoder-rust'...
[INFO] running `Command { std: "git" "rev-parse" "HEAD", kill_on_drop: false }`
[INFO] [stdout] 6cc931db22d1254abaa5d35443233af8679db98f
[INFO] checking cm-wada-yusuke/yukicoder-rust against master#af3c6e733a40e671550e0f0f5aeecaa13772ba56 for pr-74989
[INFO] running `Command { std: "git" "clone" "/workspace/cache/git-repos/https%3A%2F%2Fgithub.com%2Fcm-wada-yusuke%2Fyukicoder-rust" "/workspace/builds/worker-7/source", kill_on_drop: false }`
[INFO] [stderr] Cloning into '/workspace/builds/worker-7/source'...
[INFO] [stderr] done.
[INFO] validating manifest of git repo https://github.com/cm-wada-yusuke/yukicoder-rust on toolchain af3c6e733a40e671550e0f0f5aeecaa13772ba56
[INFO] running `Command { std: "/workspace/cargo-home/bin/cargo" "+af3c6e733a40e671550e0f0f5aeecaa13772ba56" "read-manifest" "--manifest-path" "Cargo.toml", kill_on_drop: false }`
[INFO] started tweaking git repo https://github.com/cm-wada-yusuke/yukicoder-rust
[INFO] finished tweaking git repo https://github.com/cm-wada-yusuke/yukicoder-rust
[INFO] tweaked toml for git repo https://github.com/cm-wada-yusuke/yukicoder-rust written to /workspace/builds/worker-7/source/Cargo.toml
[INFO] crate git repo https://github.com/cm-wada-yusuke/yukicoder-rust already has a lockfile, it will not be regenerated
[INFO] running `Command { std: "/workspace/cargo-home/bin/cargo" "+af3c6e733a40e671550e0f0f5aeecaa13772ba56" "fetch" "--locked" "--manifest-path" "Cargo.toml", kill_on_drop: false }`
[INFO] running `Command { std: "docker" "create" "-v" "/var/lib/crater-agent-workspace/builds/worker-7/target:/opt/rustwide/target:rw,Z" "-v" "/var/lib/crater-agent-workspace/builds/worker-7/source:/opt/rustwide/workdir:ro,Z" "-v" "/var/lib/crater-agent-workspace/cargo-home:/opt/rustwide/cargo-home:ro,Z" "-v" "/var/lib/crater-agent-workspace/rustup-home:/opt/rustwide/rustup-home:ro,Z" "-e" "SOURCE_DIR=/opt/rustwide/workdir" "-e" "CARGO_TARGET_DIR=/opt/rustwide/target" "-e" "CARGO_HOME=/opt/rustwide/cargo-home" "-e" "RUSTUP_HOME=/opt/rustwide/rustup-home" "-w" "/opt/rustwide/workdir" "-m" "1610612736" "--user" "0:0" "--network" "none" "rustops/crates-build-env@sha256:d92eaeed33fa75130ca1ee6c8a01d1ffb62bac859dfdfb3450e3e5d1c0146529" "/opt/rustwide/cargo-home/bin/cargo" "+af3c6e733a40e671550e0f0f5aeecaa13772ba56" "metadata" "--no-deps" "--format-version=1", kill_on_drop: false }`
[INFO] [stdout] 7cd019e3e3c501f6545d07b3001296387db9d15e89c573529e957f1ef4873723
[INFO] [stderr] WARNING: Your kernel does not support swap limit capabilities or the cgroup is not mounted. Memory limited without swap.
[INFO] running `Command { std: "docker" "start" "-a" "7cd019e3e3c501f6545d07b3001296387db9d15e89c573529e957f1ef4873723", kill_on_drop: false }`
[INFO] running `Command { std: "docker" "inspect" "7cd019e3e3c501f6545d07b3001296387db9d15e89c573529e957f1ef4873723", kill_on_drop: false }`
[INFO] running `Command { std: "docker" "rm" "-f" "7cd019e3e3c501f6545d07b3001296387db9d15e89c573529e957f1ef4873723", kill_on_drop: false }`
[INFO] [stdout] 7cd019e3e3c501f6545d07b3001296387db9d15e89c573529e957f1ef4873723
[INFO] running `Command { std: "docker" "create" "-v" "/var/lib/crater-agent-workspace/builds/worker-7/target:/opt/rustwide/target:rw,Z" "-v" "/var/lib/crater-agent-workspace/builds/worker-7/source:/opt/rustwide/workdir:ro,Z" "-v" "/var/lib/crater-agent-workspace/cargo-home:/opt/rustwide/cargo-home:ro,Z" "-v" "/var/lib/crater-agent-workspace/rustup-home:/opt/rustwide/rustup-home:ro,Z" "-e" "SOURCE_DIR=/opt/rustwide/workdir" "-e" "CARGO_TARGET_DIR=/opt/rustwide/target" "-e" "CARGO_INCREMENTAL=0" "-e" "RUST_BACKTRACE=full" "-e" "RUSTFLAGS=--cap-lints=forbid" "-e" "CARGO_HOME=/opt/rustwide/cargo-home" "-e" "RUSTUP_HOME=/opt/rustwide/rustup-home" "-w" "/opt/rustwide/workdir" "-m" "1610612736" "--user" "0:0" "--network" "none" "rustops/crates-build-env@sha256:d92eaeed33fa75130ca1ee6c8a01d1ffb62bac859dfdfb3450e3e5d1c0146529" "/opt/rustwide/cargo-home/bin/cargo" "+af3c6e733a40e671550e0f0f5aeecaa13772ba56" "check" "--frozen" "--all" "--all-targets" "--message-format=json", kill_on_drop: false }`
[INFO] [stdout] 113aa671c352ef6ac4b6feeab34750797748d8936c919dd2593b72d2ce0e0d7e
[INFO] [stderr] WARNING: Your kernel does not support swap limit capabilities or the cgroup is not mounted. Memory limited without swap.
[INFO] running `Command { std: "docker" "start" "-a" "113aa671c352ef6ac4b6feeab34750797748d8936c919dd2593b72d2ce0e0d7e", kill_on_drop: false }`
[INFO] [stderr]    Compiling autocfg v1.0.0
[INFO] [stderr]     Checking time v0.1.43
[INFO] [stderr]    Compiling num-traits v0.2.12
[INFO] [stderr]    Compiling num-integer v0.1.43
[INFO] [stderr]     Checking chrono v0.4.13
[INFO] [stderr]     Checking hello_cargo v0.1.0 (/opt/rustwide/workdir)
[INFO] [stdout] warning: unnecessary parentheses around `if` condition
[INFO] [stdout]   --> src/143.rs:29:8
[INFO] [stdout]    |
[INFO] [stdout] 29 |     if (mame_sum < eat_sum) {
[INFO] [stdout]    |        ^^^^^^^^^^^^^^^^^^^^ help: remove these parentheses
[INFO] [stdout]    |
[INFO] [stdout]    = note: `#[warn(unused_parens)]` on by default
[INFO] [stdout] 
[INFO] [stdout] 
[INFO] [stdout] warning: unused variable: `f`
[INFO] [stdout]   --> src/143.rs:24:9
[INFO] [stdout]    |
[INFO] [stdout] 24 |     let f = knf[2];
[INFO] [stdout]    |         ^ help: if this is intentional, prefix it with an underscore: `_f`
[INFO] [stdout]    |
[INFO] [stdout]    = note: `#[warn(unused_variables)]` on by default
[INFO] [stdout] 
[INFO] [stdout] 
[INFO] [stdout] warning: variable `A` should have a snake case name
[INFO] [stdout]   --> src/207.rs:10:9
[INFO] [stdout]    |
[INFO] [stdout] 10 |     let A: u64 = a[0].parse().unwrap();
[INFO] [stdout]    |         ^ help: convert the identifier to snake case: `a`
[INFO] [stdout]    |
[INFO] [stdout]    = note: `#[warn(non_snake_case)]` on by default
[INFO] [stdout] 
[INFO] [stdout] 
[INFO] [stdout] warning: variable `B` should have a snake case name
[INFO] [stdout]   --> src/207.rs:11:9
[INFO] [stdout]    |
[INFO] [stdout] 11 |     let B: u64 = a[1].parse().unwrap();
[INFO] [stdout]    |         ^ help: convert the identifier to snake case: `b`
[INFO] [stdout] 
[INFO] [stdout] 
[INFO] [stdout] warning: function is never used: `getline_as_u32_vec`
[INFO] [stdout]  --> src/143.rs:7:4
[INFO] [stdout]   |
[INFO] [stdout] 7 | fn getline_as_u32_vec() -> Vec<u32> {
[INFO] [stdout]   |    ^^^^^^^^^^^^^^^^^^
[INFO] [stdout]   |
[INFO] [stdout]   = note: `#[warn(dead_code)]` on by default
[INFO] [stdout] 
[INFO] [stdout] 
[INFO] [stdout] warning: 2 warnings emitted
[INFO] [stdout] 
[INFO] [stdout] 
[INFO] [stdout] warning: 3 warnings emitted
[INFO] [stdout] 
[INFO] [stdout] 
[INFO] [stdout] error[E0277]: the type `String` cannot be indexed by `{integer}`
[INFO] [stdout]  --> src/188.rs:9:20
[INFO] [stdout]   |
[INFO] [stdout] 9 |                 == day_char[0].to_string().parse::<i32>().unwrap()
[INFO] [stdout]   |                    ^^^^^^^^^^^ `String` cannot be indexed by `{integer}`
[INFO] [stdout]   |
[INFO] [stdout]   = help: the trait `Index<{integer}>` is not implemented for `String`
[INFO] [stdout] 
[INFO] [stdout] 
[INFO] [stdout] error[E0277]: the type `String` cannot be indexed by `{integer}`
[INFO] [stdout]   --> src/188.rs:10:23
[INFO] [stdout]    |
[INFO] [stdout] 10 |                     + day_char[1].to_string().parse::<i32>().unwrap()
[INFO] [stdout]    |                       ^^^^^^^^^^^ `String` cannot be indexed by `{integer}`
[INFO] [stdout]    |
[INFO] [stdout]    = help: the trait `Index<{integer}>` is not implemented for `String`
[INFO] [stdout] 
[INFO] [stdout] 
[INFO] [stdout] error: aborting due to 2 previous errors
[INFO] [stdout] 
[INFO] [stdout] 
[INFO] [stdout] For more information about this error, try `rustc --explain E0277`.
[INFO] [stdout] 
[INFO] [stderr] error: could not compile `hello_cargo`.
[INFO] [stderr] 
[INFO] [stderr] To learn more, run the command again with --verbose.
[INFO] [stderr] warning: build failed, waiting for other jobs to finish...
[INFO] [stdout] warning: unused import: `std::io::Split`
[INFO] [stdout]  --> src/main.rs:2:5
[INFO] [stdout]   |
[INFO] [stdout] 2 | use std::io::Split;
[INFO] [stdout]   |     ^^^^^^^^^^^^^^
[INFO] [stdout]   |
[INFO] [stdout]   = note: `#[warn(unused_imports)]` on by default
[INFO] [stdout] 
[INFO] [stdout] 
[INFO] [stdout] warning: variable `A` should have a snake case name
[INFO] [stdout]   --> src/207.rs:10:9
[INFO] [stdout]    |
[INFO] [stdout] 10 |     let A: u64 = a[0].parse().unwrap();
[INFO] [stdout]    |         ^ help: convert the identifier to snake case: `a`
[INFO] [stdout]    |
[INFO] [stdout]    = note: `#[warn(non_snake_case)]` on by default
[INFO] [stdout] 
[INFO] [stdout] 
[INFO] [stdout] warning: variable `B` should have a snake case name
[INFO] [stdout]   --> src/207.rs:11:9
[INFO] [stdout]    |
[INFO] [stdout] 11 |     let B: u64 = a[1].parse().unwrap();
[INFO] [stdout]    |         ^ help: convert the identifier to snake case: `b`
[INFO] [stdout] 
[INFO] [stdout] 
[INFO] [stdout] warning: 2 warnings emitted
[INFO] [stdout] 
[INFO] [stdout] 
[INFO] [stdout] warning: function is never used: `getline`
[INFO] [stdout]  --> src/main.rs:8:4
[INFO] [stdout]   |
[INFO] [stdout] 8 | fn getline() -> String {
[INFO] [stdout]   |    ^^^^^^^
[INFO] [stdout]   |
[INFO] [stdout]   = note: `#[warn(dead_code)]` on by default
[INFO] [stdout] 
[INFO] [stdout] 
[INFO] [stdout] warning: function is never used: `getline_as_i32`
[INFO] [stdout]   --> src/main.rs:14:4
[INFO] [stdout]    |
[INFO] [stdout] 14 | fn getline_as_i32() -> i32 {
[INFO] [stdout]    |    ^^^^^^^^^^^^^^
[INFO] [stdout] 
[INFO] [stdout] 
[INFO] [stdout] warning: function is never used: `getline_as_u64`
[INFO] [stdout]   --> src/main.rs:20:4
[INFO] [stdout]    |
[INFO] [stdout] 20 | fn getline_as_u64() -> u64 {
[INFO] [stdout]    |    ^^^^^^^^^^^^^^
[INFO] [stdout] 
[INFO] [stdout] 
[INFO] [stdout] warning: function is never used: `getline_as_str`
[INFO] [stdout]   --> src/main.rs:27:4
[INFO] [stdout]    |
[INFO] [stdout] 27 | fn getline_as_str() -> String {
[INFO] [stdout]    |    ^^^^^^^^^^^^^^
[INFO] [stdout] 
[INFO] [stdout] 
[INFO] [stdout] warning: function is never used: `getline_as_u64_vec`
[INFO] [stdout]   --> src/main.rs:34:4
[INFO] [stdout]    |
[INFO] [stdout] 34 | fn getline_as_u64_vec() -> Vec<u64> {
[INFO] [stdout]    |    ^^^^^^^^^^^^^^^^^^
[INFO] [stdout] 
[INFO] [stdout] 
[INFO] [stdout] warning: function is never used: `getline_as_u32_vec`
[INFO] [stdout]   --> src/main.rs:40:4
[INFO] [stdout]    |
[INFO] [stdout] 40 | fn getline_as_u32_vec() -> Vec<u32> {
[INFO] [stdout]    |    ^^^^^^^^^^^^^^^^^^
[INFO] [stdout] 
[INFO] [stdout] 
[INFO] [stdout] warning: function is never used: `to_char_vector`
[INFO] [stdout]   --> src/main.rs:47:4
[INFO] [stdout]    |
[INFO] [stdout] 47 | fn to_char_vector(str: &str) -> Vec<char> {
[INFO] [stdout]    |    ^^^^^^^^^^^^^^
[INFO] [stdout] 
[INFO] [stdout] 
[INFO] [stdout] warning: function is never used: `getline_as_char_vector`
[INFO] [stdout]   --> src/main.rs:52:4
[INFO] [stdout]    |
[INFO] [stdout] 52 | fn getline_as_char_vector() -> Vec<char> {
[INFO] [stdout]    |    ^^^^^^^^^^^^^^^^^^^^^^
[INFO] [stdout] 
[INFO] [stdout] 
[INFO] [stdout] warning: 9 warnings emitted
[INFO] [stdout] 
[INFO] [stdout] 
[INFO] [stdout] error[E0277]: the type `String` cannot be indexed by `{integer}`
[INFO] [stdout]  --> src/188.rs:9:20
[INFO] [stdout]   |
[INFO] [stdout] 9 |                 == day_char[0].to_string().parse::<i32>().unwrap()
[INFO] [stdout]   |                    ^^^^^^^^^^^ `String` cannot be indexed by `{integer}`
[INFO] [stdout]   |
[INFO] [stdout]   = help: the trait `Index<{integer}>` is not implemented for `String`
[INFO] [stdout] 
[INFO] [stdout] 
[INFO] [stdout] error[E0277]: the type `String` cannot be indexed by `{integer}`
[INFO] [stdout]   --> src/188.rs:10:23
[INFO] [stdout]    |
[INFO] [stdout] 10 |                     + day_char[1].to_string().parse::<i32>().unwrap()
[INFO] [stdout]    |                       ^^^^^^^^^^^ `String` cannot be indexed by `{integer}`
[INFO] [stdout]    |
[INFO] [stdout]    = help: the trait `Index<{integer}>` is not implemented for `String`
[INFO] [stdout] 
[INFO] [stdout] 
[INFO] [stdout] error: aborting due to 2 previous errors
[INFO] [stdout] 
[INFO] [stdout] 
[INFO] [stdout] For more information about this error, try `rustc --explain E0277`.
[INFO] [stdout] 
[INFO] [stderr] error: build failed
[INFO] running `Command { std: "docker" "inspect" "113aa671c352ef6ac4b6feeab34750797748d8936c919dd2593b72d2ce0e0d7e", kill_on_drop: false }`
[INFO] running `Command { std: "docker" "rm" "-f" "113aa671c352ef6ac4b6feeab34750797748d8936c919dd2593b72d2ce0e0d7e", kill_on_drop: false }`
[INFO] [stdout] 113aa671c352ef6ac4b6feeab34750797748d8936c919dd2593b72d2ce0e0d7e
